) = -a**2 - 39*a - 210. Determine j(-7).
14
Let h(j) = 2*j**2 - 31*j - 2. What is h(21)?
229
Let a(l) = -10*l**3 - 69*l**2 + 13*l + 54. Give a(-7).
12
Let s(m) = 3*m**2 + 208*m - 1525. Determine s(-76).
-5
Let z(o) = -o**2 + 28*o - 81. What is z(27)?
-54
Let m(b) = -b**3 - 33*b**2 - 6*b + 52. Give m(-33).
250
Let l(z) = z**2 - 11*z - 12. Give l(10).
-22
Let o(v) = -3*v**3 - 148*v**2 - 49*v + 21. What is o(-49)?
21
Let z(p) = -p**2 - 11*p + 115. Give z(-16).
35
Let a(j) = 276*j - 7177. Give a(26).
-1
Let k(p) = -p**2 + 18*p + 208. Give k(-8).
0
Let s(w) = -270*w - 1890. Determine s(-7).
0
Let t(x) = -336*x - 18824. Determine t(-56).
-8
Let s(l) = -55*l - 72. Calculate s(-4).
148
Let l(m) = m**3 + 3*m**2 + 48*m + 145. Calculate l(-3).
1
Let j(f) = f**3 + 2*f**2 - 30*f - 50. Give j(-2).
10
Let s(b) = 519*b - 12997. Give s(25).
-22
Let l(p) = -p**3 + 42*p**2 + 45*p + 1896. Calculate l(44).
4
Let n(q) = -q**3 - 55*q**2 - 250*q - 2. Determine n(-50).
-2
Let k(a) = -64*a - 35. Calculate k(-4).
221
Let r(c) = c**3 + 4*c**2 - 37*c - 26. Give r(-10).
-256
Let n(c) = 14*c**2 - 184*c + 17. Determine n(13).
-9
Let l(w) = 2*w + 289. Calculate l(0).
289
Let f(w) = -w**3 - 18*w**2 + 760*w + 3. What is f(-38)?
3
Let j(u) = -2*u**2 - 539*u - 11331. Give j(-23).
8
Let l(d) = -d**2 - 12*d + 761. What is l(-35)?
-44
Let i(j) = j**3 + 24*j**2 + 40*j + 31. What is i(-22)?
119
Let k(u) = -27*u - 344. Determine k(-13).
7
Let g(a) = -8*a + 150. Determine g(23).
-34
Let a(k) = 4*k**2 + 39*k - 585. What is a(8)?
-17
Let v(t) = 124*t**3 + 1. Calculate v(1).
125
Let r(a) = a**2 + 99*a + 2386. What is r(-58)?
8
Let m(o) = -108*o + 5. What is m(1)?
-103
Let u(s) = s**3 - 5*s**2 - 9*s + 6. Determine u(0).
6
Let h(y) = -2*y**3 + 19*y**2 - 11*y + 11. What is h(9)?
-7
Let y(b) = 973*b - 4871. Calculate y(5).
-6
Let y(o) = o + 32. Give y(-24).
8
Let p(m) = 147*m - 2360. Determine p(16).
-8
Let r(i) = -9*i**2 - 693*i + 1432. What is r(-79)?
10
Let w(c) = -11*c**2 - 59*c - 8. Calculate w(-7).
-134
Let m(f) = 5*f**2 + 243*f + 124. Give m(-48).
-20
Let k(z) = z**2 - 39*z + 352. Give k(25).
2
Let b(p) = 5*p**2 + 17*p + 66. Give b(-6).
144
Let t(r) = -10*r**2 - 200*r - 882. Give t(-7).
28
Let o(x) = -x**3 - 7*x**2 - 8*x - 15. What is o(-6)?
-3
Let f(u) = -21987*u + 219874. Determine f(10).
4
Let w(z) = -9*z + 662. Give w(0).
662
Let h(a) = -2*a**3 + 3*a**2 + 34*a - 132. What is h(6)?
-252
Let h(w) = -2*w**3 - 52*w**2 + 54*w + 4. What is h(-27)?
4
Let r(y) = -13*y**2 - 418*y - 68. What is r(-32)?
-4
Let c(n) = n**3 - 2*n**2 - 56*n + 8. Give c(-7).
-41
Let p(x) = 13*x**2 - 13*x + 50. Calculate p(4).
206
Let v(u) = 4*u - 11. Determine v(0).
-11
Let b(o) = o**2 + 549*o + 22. Calculate b(0).
22
Let z(c) = 2*c**2 + 43*c - 107. Give z(-24).
13
Let q(k) = -2*k**3 - 18*k**2 - 58*k - 30. Determine q(-4).
42
Let a(s) = 2*s**3 + 4*s**2 + 12*s + 8. Calculate a(-3).
-46
Let m(g) = 11*g**2 - 22*g + 10. What is m(3)?
43
Let g(d) = 491*d + 1485. Give g(-3).
12
Let m(n) = -n**3 + 8*n**2 - 5*n + 26. Calculate m(7).
40
Let n(h) = -h**3 - 17*h**2 + 11*h + 128. Determine n(-17).
-59
Let w(u) = 2*u**3 - 40*u**2 - 43*u + 15. Determine w(21).
-6
Let x(b) = 15*b**2 + 2*b + 1. What is x(-1)?
14
Let m(l) = -3*l**3 + 80*l**2 - 48*l - 147. What is m(26)?
-43
Let b(q) = -q**2 - 51*q + 1902. Calculate b(-76).
2
Let x(h) = -2*h**3 + 9*h**2 - 4*h + 10. Give x(6).
-122
Let q(v) = 70*v**2 - 149*v + 7. Calculate q(2).
-11
Let v(r) = -r**3 - 37*r**2 + 82*r + 151. Determine v(-39).
-5
Let h(r) = 103*r**2 - 412*r + 5. Determine h(4).
5
Let p(u) = 7*u**2 - 51*u + 113. Give p(2).
39
Let u(o) = -6*o - 1296. What is u(-198)?
-108
Let k(z) = 43*z + 1371. What is k(-32)?
-5
Let c(g) = g**2 - 75*g + 95. Calculate c(74).
21
Let i(c) = 15*c + 835. What is i(-56)?
-5
Let v(l) = l**3 + 102*l**2 - 203*l + 519. Give v(-104).
-1
Let r(t) = 59*t + 2070. Give r(-34).
64
Let k(x) = -5*x**2 + 163*x + 62. What is k(33)?
-4
Let t(y) = -y**2 - 1283*y + 19458. Give t(15).
-12
Let d(v) = v**2 + 13*v + 14. Calculate d(-13).
14
Let q(x) = -731*x - 1475. What is q(-2)?
-13
Let p(k) = 255*k + 758. Calculate p(-3).
-7
Let x(s) = 4*s**3 + 37*s**2 + 16*s + 7. Give x(-7).
336
Let j(a) = 314*a - 18240. Give j(58).
-28
Let v(x) = x**3 + 31*x**2 + 57*x - 9. What is v(-29)?
20
Let t(b) = -b**2 - 9*b + 686. Give t(-31).
4
Let j(l) = -21*l + 362. What is j(18)?
-16
Let x(c) = 19*c + 86. Calculate x(-2).
48
Let l(v) = -4*v**2 + 37*v + 11. What is l(8)?
51
Let i(s) = -s**3 + 33*s**2 + s - 67. Calculate i(33).
-34
Let n(i) = -i**3 - 26*i**2 + 56. Calculate n(-26).
56
Let t(v) = 12*v**2 + 10*v - 20. What is t(-2)?
8
Let d(o) = 11*o - 212. Give d(15).
-47
Let i(q) = 141*q + 705. Give i(-5).
0
Let y(j) = 8*j**2 + 67*j + 287. What is y(-4)?
147
Let s(n) = 8*n + 115. Determine s(-15).
-5
Let u(o) = o**3 + 18*o**2 + 61*o - 16. What is u(-12)?
116
Let s(i) = i**3 - 19*i**2 + 10*i + 98. Determine s(18).
-46
Let h(o) = -33*o - 770. Give h(-17).
-209
Let f(l) = 2*l**3 + 291*l**2 - 442*l - 145. What is f(-147)?
2
Let o(b) = -b**3 + 13*b**2 - 22*b - 61. Calculate o(10).
19
Let z(s) = -s**2 + 310*s - 22812. Calculate z(190).
-12
Let d(b) = -417*b + 12929. Calculate d(31).
2
Let r(t) = -t**3 + 79*t - 172. Give r(8).
-52
Let g(v) = -30*v + 196. Determine g(9).
-74
Let y(b) = b**3 + 18*b**2 - 71*b - 111. Give y(-21).
57
Let p(v) = 614*v - 1226. Determine p(2).
2
Let j(i) = -2*i**2 + 64*i - 239. What is j(25)?
111
Let h(x) = -26*x - 1443. Determine h(-56).
13
Let i(x) = -36*x + 513. Give i(32).
-639
Let f(s) = 410*s + 5079. Give f(-12).
159
Let r(p) = -1358*p - 16316. Determine r(-12).
-20
Let w(n) = 36*n - 139. Determine w(12).
293
Let i(g) = -g**2 + 174*g - 5089. Calculate i(137).
-20
Let w(j) = -4*j**3 + 4*j**2 - 141*j - 147. What is w(-1)?
2
Let w(b) = 635*b - 5093. Determine w(8).
-13
Let d(s) = -12*s**2 + 2114*s - 346. Determine d(176).
6
Let q(n) = -323*n - 4855. Give q(-15).
-10
Let r(m) = -88*m - 6938. Calculate r(-79).
14
Let o(p) = 70*p - 4659. Give o(67).
31
Let m(k) = -40*k - 975. Give m(-35).
425
Let k(j) = 13*j**2 - j + 4. Determine k(-2).
58
Let o(d) = -d**3 + d**2 - 99*d + 18. Calculate o(0).
18
Let w(v) = 7*v**3 + 240*v**2 + 71*v + 106. Give w(-34).
4
Let x(q) = 161*q + 1163. Give x(-7).
36
Let u(n) = 23*n**2 + 179*n + 131. Determine u(-7).
5
Let r(a) = 174*a - 29360. Give r(169).
46
Let h(o) = -348*o**3 - o**2 - 1. Determine h(-1).
346
Let i(f) = -f**3 - 21*f**2 - 25*f - 187. Calculate i(-20).
-87
Let k(q) = -573*q + 4030. Calculate k(7).
19
Let h(g) = -666*g + 7972. Determine h(12).
-20
Let w(t) = 6*t**2 - 63*t + 322. Determine w(5).
157
Let x(f) = -20*f + 195. Calculate x(10).
-5
Let s(q) = 66*q + 647. Give s(-11).
-79
Let k(n) = n**2 - 142*n + 2113. What is k(125)?
-12
Let a(t) = t**3 - t**2 - 7*t - 48. Determine a(0).
-48
Let n(x) = 89*x + 74. Determine n(1).
163
Let l(x) = 24*x + 882. Give l(-37).
-6
Let i(r) = -14*r + 4. Give i(-13).
186
Let t(p) = 90*p + 346. Calculate t(-4).
-14
Let c(j) = -j**2 - 755*j - 39783. Give c(-57).
3
Let j(y) = -y**2 + 21*y - 25. Give j(20).
-5
Let i(l) = -4*l**2 - 431*l - 311. Calculate i(-107).
10
Let q(d) = 100*d - 448. Give q(6).
152
Let n(m) = 79*m**2 - 135*m + 7. Calculate n(2).
53
Let j(l) = -l**2 - 7*l + 159. Give j(-17).
-11
Let t(z) = -z**3 + 48*z**2 - 110*z + 834. Calculate t(46).
6
Let h(i) = -2*i**2 + 307*i - 5567. Determine h(21).
-2
Let m(h) = -h**3 + 151*h + 428. Calculate m(-3).
2
Let w(y) = 98*y - 1181. Give w(12).
-5
Let r(n) = -10*n**2 - 54*n + 17. What is r(-8)?
-191
Let g(v) = -47*v - 4277. Calculate g(-91).
0
Let u(m) = -5*m**2 - 651*m - 2602. Give u(-4).
-78
Let n(i) = 6*i - 41. What is n(3)?
-23
Let g(s) = 51*s - 1758. What is g(33)?
-75
Let q(p) = -p**3 - 78*p**2 - 91*p - 1063. Determine q(-77).
15
Let l(y) = 7*y**2 + 83*y - 30. What is l(-7)?
-268
Let n(z) = z**3 - 20*z**2 + 44*z - 7. Determine n(0).
-7
Let a(m) = -263*m - 1559. Determine a(-6).
19
Let m(y) = -y**2 + 42*y + 359. Calculate m(39).
476
Let t(n) = 2*n**2 + 37*n - 222. Give t(9).
273
Let c(x) = -17*x + 324. What is c(22)?
-50
Let c(u) = -62*u**2 + 188*u - 6. What is c(3)?
0
Let c(t) = -t**3 + 23*t**2 - 10*t - 19. Determine c(22).
245
Let s(h) = 89*h**2 - 10*h - 10. Give s(-1).
89
Let w(g) = 2*g**3 + 58*g**2 - 59*g + 46. Calculate w(-3